{"id":13167,"date":"2024-08-30T23:35:08","date_gmt":"2024-08-30T23:35:08","guid":{"rendered":"https:\/\/catalogo.jennellropadeportiva.com\/?post_type=product&#038;p=13167"},"modified":"2024-09-23T02:45:44","modified_gmt":"2024-09-23T02:45:44","slug":"conjunto-c23","status":"publish","type":"product","link":"https:\/\/catalogo.jennellropadeportiva.com\/index.php\/producto\/conjunto-c23\/","title":{"rendered":"Conjunto C23"},"content":{"rendered":"","protected":false},"excerpt":{"rendered":"<p>Hermoso conjunto casual con pantal\u00f3n bota campana y top los cuales te dar\u00e1n un toque de exclusividad incre\u00edble.<\/p>\n","protected":false},"featured_media":13168,"template":"","meta":{"om_disable_all_campaigns":false,"_monsterinsights_skip_tracking":false,"_monsterinsights_sitenote_active":false,"_monsterinsights_sitenote_note":"","_monsterinsights_sitenote_category":0},"product_cat":[75],"product_tag":[],"class_list":{"0":"post-13167","1":"product","2":"type-product","3":"status-publish","4":"has-post-thumbnail","6":"product_cat-conjuntos","8":"first","9":"instock","10":"shipping-taxable","11":"product-type-simple"},"aioseo_notices":[],"_links":{"self":[{"href":"https:\/\/catalogo.jennellropadeportiva.com\/index.php\/wp-json\/wp\/v2\/product\/13167"}],"collection":[{"href":"https:\/\/catalogo.jennellropadeportiva.com\/index.php\/wp-json\/wp\/v2\/product"}],"about":[{"href":"https:\/\/catalogo.jennellropadeportiva.com\/index.php\/wp-json\/wp\/v2\/types\/product"}],"version-history":[{"count":2,"href":"https:\/\/catalogo.jennellropadeportiva.com\/index.php\/wp-json\/wp\/v2\/product\/13167\/revisions"}],"predecessor-version":[{"id":13346,"href":"https:\/\/catalogo.jennellropadeportiva.com\/index.php\/wp-json\/wp\/v2\/product\/13167\/revisions\/13346"}],"wp:featuredmedia":[{"embeddable":true,"href":"https:\/\/catalogo.jennellropadeportiva.com\/index.php\/wp-json\/wp\/v2\/media\/13168"}],"wp:attachment":[{"href":"https:\/\/catalogo.jennellropadeportiva.com\/index.php\/wp-json\/wp\/v2\/media?parent=13167"}],"wp:term":[{"taxonomy":"product_cat","embeddable":true,"href":"https:\/\/catalogo.jennellropadeportiva.com\/index.php\/wp-json\/wp\/v2\/product_cat?post=13167"},{"taxonomy":"product_tag","embeddable":true,"href":"https:\/\/catalogo.jennellropadeportiva.com\/index.php\/wp-json\/wp\/v2\/product_tag?post=13167"}],"curies":[{"name":"wp","href":"https:\/\/api.w.org\/{rel}","templated":true}]}}